/(-3)*789 prime?
True
Let p(s) = 48*s + 73. Let z be p(-7). Let y = 454 + z. Is y a composite number?
False
Let w(x) = -x**2 - 3*x + 24. Let l be w(0). Suppose 41 = t - l. Is t prime?
False
Let x be 2/(-6) - 9/(-27). Suppose 0 = -3*m - 3 - 0, x = 5*p + 5*m - 1630. Is p a composite number?
True
Let h(n) = -2443*n**3 - 3*n**2 - 2*n. Let i be h(-1). Suppose m = -2*v + 4*m + i, 4916 = 4*v + 2*m. Is v a composite number?
True
Let v = 269 - 134. Suppose -3*a - v = 198. Let y = -77 - a. Is y a composite number?
True
Let w(t) = -3*t - 16. Let n be w(-9). Suppose 0 = 7*b - n*b + 4396. Is b prime?
False
Suppose 269284 = 76*c - 2722304. Is c prime?
False
Let y be 1/8*2 - 3498/8. Let p = 834 + y. Is p a composite number?
False
Suppose -99*k - 99649 = -110*k. Is k prime?
True
Let f = 70 + -66. Suppose 2*g - f = -0*g, -3*t - 2*g = -3685. Is t a composite number?
True
Suppose 2 = -f, 10 = -5*p + 5*f - 10*f. Suppose -4*a - 5*h + 91 = -a, a + 4*h - 21 = p. Is a composite?
False
Let w = 27 + -26. Is 83 - (-4 + -3 + 4 - w) prime?
False
Let l = -7996 - -13037. Is l prime?
False
Let b = 1013 + -456. Is b composite?
False
Let t(v) = 4*v**2 + 33*v - 205. Is t(-38) composite?
True
Suppose -9*k + 10*k - 2 = 0. Suppose -2*h - k*c = -101 - 91, 0 = -5*h + c + 486. Is h prime?
True
Let k(y) = y**3 - 20*y**2 - 21*y - 3. Let a be k(21). Is (-3210)/(-45) - (-1)/a a prime number?
True
Let v(m) = -16*m**3 + 10*m**2 + 26*m + 22. Is v(-7) a prime number?
False
Let h be 4/18 + (-19179)/(-81). Suppose -h = -2*b + b. Is b prime?
False
Let x(c) = 9*c + 25 + 16*c + 11*c. Is x(19) composite?
False
Suppose 2*u = -5*z + 18398, 2*z = u + 3*u - 36748. Suppose -3*h = -d - 7446, -4*h - 4*d + 755 = -u. Is h prime?
False
Suppose 4*q = 6*q - 41186. Is q composite?
False
Is ((-7582)/136)/(2/(-328)) a prime number?
False
Let b = 4 + -1. Suppose o = -b*o - 12. Is (-2)/o - (-183)/9 a prime number?
False
Let g be (-22)/(-11) + 2*1. Let y = g - -28. Suppose -3*j + y = 2. Is j prime?
False
Suppose 2*o = 7679 + 9363. Is o a composite number?
False
Suppose 17*a - 337383 = -40*a. Is a composite?
True
Let n(t) = 9*t**2 - 2*t + 2. Let w = 16 + -14. Let m be n(w). Suppose 3*x - 125 = -x - f, -m = -x - 3*f. Is x a composite number?
False
Suppose 2*r - 65842 = -2*l, -5*r = -3*l + 57222 - 221827. Is r a composite number?
True
Let s(a) = -5*a**3 + 22*a**2 - 38*a - 18. Is s(-13) a composite number?
True
Let v = 36 - 31. Suppose 6*i + v*r = i + 145, r + 2 = 0. Is i a prime number?
True
Suppose -5*k - 25 = x, -4*x - 7 = -2*k - 17. Suppose 3 - 23 = 4*z. Is (415 - 0) + x/z composite?
True
Suppose a + 9872 = 3*a. Suppose 3*j - 3702 = -0*c + 3*c, -4*j + 2*c = -a. Is j prime?
False
Let s = -9 + 9. Suppose s = m - 17 - 6. Suppose 22*h = m*h - 381. Is h prime?
False
Let h be (0 - -1)/(1/3). Suppose h*g - 2*g - 4 = -3*n, 3*n - 11 = -2*g. Is g a prime number?
True
Let c be 40/22 + (6 - (-448)/(-77)). Is (17842/(-44))/(c/(-4)) a prime number?
True
Is (-13878)/(-42) - (-16)/28 a prime number?
True
Let x(z) = -141*z**2 - 2*z + 1. Let q be x(-2). Let y = q - -1040. Is y prime?
False
Let x(w) = w**2 + 17*w - 15. Let d be x(11). Suppose -3*h - 3*j + 366 = 0, -205 = -4*h - 2*j + d. Is h prime?
True
Suppose 7*a - 11*a - 72 = 0. Let s = -12 - a. Let n(b) = 31*b + 5. Is n(s) prime?
True
Is (14 - 9)*(-4)/40*-2846 a prime number?
True
Let n(f) = 6*f**2 + 32*f - 201. Is n(37) prime?
False
Suppose -g - 4*q = 4*g + 33, -3*q + 9 = -3*g. Let k = -8 - g. Is 145 + (k + -1 - -2) composite?
True
Suppose -740 = -3*t + z, -5*z = -3*t + 6*t - 728. Let l be 1 - ((-6)/3 + 1). Is (l - (-12)/(-8))*t composite?
True
Let n(g) = -11*g + 11. Is n(-1) a prime number?
False
Suppose 4*o + 3*h - 3713 = -2*h, -5*h - 4585 = -5*o. Suppose 6*t + o = 3196. Is t prime?
True
Let j(d) = 18590*d + 1. Is j(1) composite?
True
Suppose -5*f + 10 = -0*f. Suppose i = -0*i, 0 = 2*t + f*i - 6. Suppose 0 = -4*b + 5*z + 1239, t*z = -2*b - 0*z + 625. Is b prime?
True
Suppose 21 = 3*f - 3*k, -4*k + 6 = 3*f - 2*k. Let o(n) = -2*n**2 + 6*n. Let l be o(f). Is (l/(-20))/(5/2225) prime?
False
Let i = -2067 + 1212. Let c be 16/(-10)*i/6. Let l = -110 + c. Is l a prime number?
False
Let o(u) = 141*u**2 + 12*u + 3. Let k be o(-5). Suppose 4*f + 3*z - k = 671, -4*z = 5*f - 5175. Is f a prime number?
True
Let v(w) = -93*w - 334. Is v(-11) a composite number?
True
Let k = -7 + 12. Suppose 4*q + w - 27 = 6*w, -3*q - k*w = 6. Is -3*(3 - 13/q) a composite number?
True
Suppose 2*b + 2*v + 8 = 0, 3*b - b - 2*v - 4 = 0. Let d be (-33 - 3) + (-1)/b. Let j = 153 + d. Is j composite?
True
Suppose 5*f - 279405 = 4*w, -f - 16*w = -15*w - 55872. Is f a composite number?
True
Is 81105/35 + (2/7)/(-1) a prime number?
False
Let z = -1773 - -3032. Is z prime?
True
Suppose 198 = -5*s + 16*s. Suppose s*v - 317 = 17*v. Is v a prime number?
True
Suppose -4*l - 3*q + 14341 = 0, -10*q = -l - 9*q + 3594. Is l prime?
False
Let s(g) = -g**3 + 16*g**2 - 14*g - 5. Let p be s(-13). Suppose -3*a - a = -2*k + p, -5*k - 5*a = -12695. Is k prime?
True
Suppose o + 4*s - 549 = 0, 3*o + 2*s = 4*o - 537. Is o a composite number?
False
Let g(a) = -282*a - 715. Is g(-68) prime?
True
Let o(m) = m**2 - 9. Let d be o(0). Let a(s) = s. Let v(l) = 18*l - 2. Let y(b) = 5*a(b) - v(b). Is y(d) a prime number?
False
Suppose -3*m - 4 - 43 = 2*a, -3*a - 51 = -2*m. Is (a - -20)/(1 + (-130)/131) composite?
False
Is (-1)/((-1)/(-10)*(-42)/91077) a composite number?
True
Let m be (-6 - -12)*1/3. Suppose m*i - 20 = -z, -81 = -4*z + 2*i + 9. Is z prime?
False
Let t = 9 + -4. Suppose 5 + 350 = t*l. Is l a composite number?
False
Suppose -q - 4 = 0, 3*b + 3*q - 10792 = 10955. Is b prime?
True
Suppose -3*u + 5*p - 7 = -0*p, 0 = -4*u + p + 19. Let k(a) = 12*a**3 + 5*a**2 - 4*a + 37. Is k(u) a prime number?
False
Let y(t) = -6*t - 3 - 1 + 3. Let h be y(-1). Suppose -h*i = -4*v + v + 78, -5*i = -4*v + 109. Is v a composite number?
False
Is 7*(69555/35)/3 a prime number?
True
Suppose 44*y - 141881 = 16211. Is y a composite number?
False
Let a = -52 - -57. Suppose 0*g - 2*g = -2*h - 10, 0 = -5*g - 5*h - 25. Suppose -3*k + 923 - 50 = 3*q, g = a*k - 20. Is q a prime number?
False
Let r = -822 - -1021. Is r composite?
False
Let a(l) = -2*l**3 - 4*l**2 + 2. Let d be a(-3). Let c be 7/14*(1 - 1). Suppose 3*i + 3*g = 615, -5*i - 3*g + 1013 + d = c. Is i composite?
True
Suppose 4*r - 54 = -2. Is (-268 - (8 + -14))/((-2)/r) a prime number?
False
Is (-1)/(-2) - (-1103880)/80 a prime number?
True
Suppose k = -1 - 3. Let t be (-14)/k*(-24)/(-14). Is (3/t)/(1/28) a prime number?
False
Let c(u) = 7*u**2 - 45*u + 45. Is c(17) prime?
True
Let h be ((-2)/4)/(4/(-1424)). Suppose -4*p + h = -562. Is p composite?
True
Suppose 17*n - 624501 = -153074. Is n composite?
True
Suppose 0 = 13*k - 104 - 26. Suppose 13*m - k*m - 3129 = 0. Is m prime?
False
Suppose -23 = -4*z - 4*t + 5, 0 = -z - 3*t + 1. Let l(v) = 2*v**2 + 7*v - 3*v**2 - 1 - 4 + z*v. Is l(12) composite?
True
Suppose 0 = 8*g - 3*g - 10. Suppose j - 2*p + g = 0, -j - 10 = j - p. Is (-1270)/j - 30/45 a prime number?
True
Let t(f) = -3*f**3 - f**2 - f. Let v be t(-1). Let b = -17 - -13. Is b + v + -1 - -131 prime?
False
Suppose 0 = -4*c + 4, -48*c + 3591 = 5*x - 47*c. Is x a prime number?
False
Suppose -3*t - 12187 = 5*b, -9*t + 5*b - 20325 = -4*t. Is t/(-6) - 14/42 prime?
True
Suppose 25*a = -341796 + 1146271. Is a composite?
True
Suppose 0*y + 3395 = 5*b + 2*y, 5*b = -4*y + 3395. Let x = -290 + b. Is x composite?
False
Let z = -678 - -2539. Is z a composite number?
False
Let m be 0/2*(-8)/8. Suppose m = 4*d - 264 + 772. Let g = 206 + d. Is g composite?
False
Let m(z) = z**2 + 4*z + 12. Let h(v) = -v**2 - 5*v - 13. Let y(s) = 2*h(s) + 3*m(s). Is y(-15) composite?
True
Let z = 72 - 69. Suppose -p + 799 = -z*v + 2559, 2352 = 4*v + 4*p. Is v composite?
False
Suppose 0*i - 2*i - 30025 = -3*l, 0 = -i - 2. Is l a composite number?
False
Is 32849/(1 - 0) + (3 - 7) composite?
True
Suppose -6*l + l = 0. Let j be (l/5 - -1202) + 1. Is 5 - 3 - j/(-3) a prime number?
False
Let w be (-3)/15 + 16/5. Suppose -4 = -4*g, 4*c + g + w*g = 13952. Is c composite?
True
Let c = -2057 - -785. Let j = 2143 + c. Is j composite?
True
Let n be 2 - (-2)/((-4)/(-742)). Let l = n + -538. Let u = 284 + l. Is u a composite number?
True
Let p